ose -i*o + 36 = -14*o. Let m = 5 - 2. What is the greatest common factor of m and o?
3
Let a = 0 - 9. Let p = a - -23. Suppose -5*c = -93 - 257. Calculate the highest common divisor of p and c.
14
Suppose 33 = -5*k - 47. Let t = -8 - k. Calculate the highest common factor of t and 4.
4
Let o(n) = n**3 - 15*n**2 + 16*n - 3. Let t be o(14). What is the greatest common divisor of 1 and t?
1
Let z = -642 - -686. What is the highest common divisor of 176 and z?
44
Let x(g) = 12*g - 3. Let m be x(6). Suppose -231 = q + 4*b - m, -2*q - 328 = 4*b. Let z be q/(-10) - 8/(-20). What is the greatest common divisor of 119 and z?
17
Let q = 478 - 424. Calculate the greatest common divisor of q and 972.
54
Let z(k) = 356*k - 206. Let m be z(1). What is the greatest common divisor of m and 210?
30
Let o be 4/6 + (-1)/((-3)/(-35)). Let h(g) = -3*g - 27. Let p be h(o). Let b be (-30)/8*-4*4. Calculate the greatest common factor of p and b.
6
Let o(n) = -43*n + 61. Let v be o(-5). What is the greatest common factor of 24 and v?
12
Let w(z) = -4*z**3 + 5*z + 5. Let o(m) = -m**3 - 7*m**2 - 8*m - 14. Let k be o(-6). Let d be w(k). Calculate the highest common factor of 9 and d.
9
Suppose 4*b - 108 = 180. Suppose -5 - 27 = -4*p. Calculate the greatest common factor of b and p.
8
Suppose 8*n - 13*n - 15 = 0. Let c(b) = -b**2 - 2*b - 7. Let j be c(n). Let x = j + 25. Calculate the highest common factor of 6 and x.
3
Let w(s) be the second derivative of s**2 + 55/3*s**3 + 0 - 2*s. Let b be w(1). Calculate the highest common divisor of b and 28.
28
Let a = 16 + -9. Let i(b) = -2*b + 16. Let z be i(a). Let k be 11 + (4/2 - z). What is the highest common factor of 11 and k?
11
Suppose 3*t - 6 = -4*i + 20, -5*i + 19 = -3*t. Let w = -222 - -472. Suppose 0 = t*d + 3*d - w. Calculate the highest common divisor of d and 20.
10
Let o be 3/(-6) - (164/(-8) + 0). What is the highest common factor of 260 and o?
20
Suppose 0 = -3*c - 2*o + 829, -8*o + 6*o = -c + 287. Suppose 0 = 2*y - 0*y - 62. What is the greatest common divisor of c and y?
31
Suppose 8*f - 4*f = 340. Calculate the highest common factor of f and 68.
17
Let v(o) = o**2 + 5*o + 2. Let k be v(-2). Let g(y) = 7*y - 7. Let p be g(3). Let d = k + p. Calculate the highest common divisor of d and 80.
10
Suppose -9*s = -14*s + 330. What is the highest common divisor of 88 and s?
22
Suppose 0 = -b + 9*b - 240. Suppose b*w = 27*w + 96. Calculate the greatest common divisor of w and 48.
16
Let d be 4 + -2*2/(-4). Suppose 2*t - 165 = -d*g, 4*t - 167 = -5*g + 188. What is the greatest common factor of 19 and t?
19
Let k be 455*(2808/84)/9. What is the highest common factor of k and 10?
10
Let n(o) = -o**3 - 3*o**2 + 7*o + 8. Let i be n(-6). Let m be -3 + (0 - -1) + i. Let k be ((-2)/2)/((-2)/m). Calculate the highest common divisor of k and 12.
12
Suppose 6*y - 42*y = -144. Calculate the highest common divisor of y and 12.
4
Suppose -y - 12 = -5*y - 2*h, 0 = y - 3*h + 11. Let c = y + 1. Let n(l) = -3*l - 9. Let u be n(-9). What is the greatest common factor of u and c?
2
Let j be (-17)/(-7 + (8 - 2)). What is the greatest common divisor of j and 2329?
17
Suppose -1344 = -4*u - 4*u. Suppose 5*i - 40 = 4*o, 3*i - 22 = 2*o + 2. Calculate the greatest common factor of u and i.
8
Let h(n) = 3*n - 1. Let f be h(5). Suppose f = 4*z + 54. Let d be 6/15 + (-66)/z. Calculate the greatest common divisor of 28 and d.
7
Let f(a) = -a**2 - 16*a + 30. Let t be f(-17). Calculate the greatest common divisor of t and 3757.
13
Let i be -1 - (30/(-5) + 3 - 433). What is the highest common divisor of i and 15?
15
Let r(v) = -v**2 - 22*v. Let x be r(-10). Let a(h) = 9 + 2*h**2 + h + h - 19. Let q be a(-5). Calculate the highest common factor of q and x.
30
Let l be 0*(0 + 0 - -1). Let d be (-116)/(-4) + 0 - (l - -1). Calculate the highest common divisor of d and 84.
28
Let v = -54 + 64. Suppose v = -m + 26. Calculate the greatest common factor of 8 and m.
8
Let v(s) = 9*s + 75. Let c be v(-3). What is the greatest common divisor of 432 and c?
48
Suppose 0 + 5 = a, 67 = y - 2*a. What is the greatest common factor of 11 and y?
11
Let x be 2 + 2/(-6)*-3. Let z be x/9*-1*0. Suppose 10 + z = 2*g. What is the greatest common factor of 1 and g?
1
Let b = -4 - -14. Suppose b = -2*u, 5*r + u + 30 = -u. Let z(i) = -5*i - 2. Let w be z(r). What is the highest common factor of 108 and w?
18
Suppose 49*w - 142 = 152. Suppose 0 = 3*j - 4 - 14. Calculate the greatest common divisor of w and j.
6
Let c = 920 - 860. Suppose 0 = -2*a - 3*a - 5*f + 5, -f = -4*a - 21. Let d be a/10 + (-154)/(-10). What is the highest common factor of c and d?
15
Let f = -141 - -201. Let q(t) = -t**3 + 6*t**2 - 4*t. Let b be q(5). Let z = b - -10. What is the highest common factor of z and f?
15
Suppose -2*z + 60 = -0*z. Let l be (-4)/24 - (-628)/24. Suppose 48 = l*c - 22*c. What is the greatest common divisor of c and z?
6
Let k = 84 + -52. Suppose 4*y - k = -0*y. Let w(h) = -2*h**2 + 35*h - 126. Let p be w(10). What is the highest common divisor of y and p?
8
Let q(r) be the third derivative of r**5/60 - r**4/8 - 5*r**3/6 - 7*r**2. Let x be q(8). What is the highest common divisor of 350 and x?
35
Suppose 4*p - 88 = -4*o + 3*p, 0 = -3*p. Calculate the greatest common divisor of o and 297.
11
Suppose 0 = w + 2 - 7. Suppose -14 = -2*x + p, -2*x + 26 = -w*p - 4. Let s be 2/5 + 13/x. What is the greatest common divisor of 24 and s?
3
Let q be (-240)/(-105) + (-4)/14. Suppose -3*o = 4*a - 55, 5*o - 35 - 10 = -q*a. What is the highest common divisor of 70 and a?
10
Suppose r = 61 - 53. Calculate the highest common factor of 14 and r.
2
Let c(t) = 5*t - 51. Let h be c(10). Let i be 1 - 1 - (24/(-3) + h). What is the highest common factor of i and 72?
9
Let p(o) = 23*o - 40. Let q be p(4). Calculate the greatest common divisor of q and 65.
13
Let o = 87 + -47. Let u be 3*2/12*56. Suppose u = 4*j + 8. Calculate the greatest common factor of o and j.
5
Let k(d) = d**2 + 5*d - 198. Let g be k(13). What is the highest common divisor of 24 and g?
12
Suppose -1438 = -3*a - 5*y + 591, -2*a + 1357 = -y. Suppose -3 = 5*r - a. What is the greatest common divisor of 27 and r?
27
Let x be ((77/14)/(-11)*4)/(-1). Suppose 4*y - 5 - 11 = 0. What is the highest common factor of x and y?
2
Suppose -2*g - q = -23, -2 = -4*q + 18. Let d = 1 + g. Calculate the greatest common factor of 70 and d.
10
Let l = 76 + -43. Suppose -465 + l = -4*u. Let m be -8*(27/90)/((-1)/5). Calculate the greatest common divisor of m and u.
12
Let c be 2/(-3) + ((-2010)/(-45) - 15). What is the highest common divisor of c and 1769?
29
Let g = 16 - 11. Let f be (-14)/4*16/8. Let z(h) = 2*h**2 + 11*h + 14. Let t be z(f). What is the highest common factor of g and t?
5
Let t(c) = c + 33. Let v be t(26). Suppose 4*r + v = 143. What is the highest common factor of r and 42?
21
Suppose -5 = m - 0*m + 2*t, -m + 15 = -2*t. Suppose 2*h = m*x + 33, 0 = -2*h + 5*h + 4*x + 8. Calculate the greatest common divisor of 36 and h.
4
Let u be -5 - (-3 - -1)*(-38)/(-4). What is the highest common divisor of u and 56?
14
Let s be 783/162 - (-2)/12. Suppose -k - 2*k = -6. Suppose b = -0*b - 3*a + 8, -a = -k*b + 9. Calculate the highest common divisor of b and s.
5
Let r(k) be the third derivative of -5/3*k**3 - 4/3*k**4 + 0*k + 0 - 7*k**2. Let c be r(-5). What is the highest common divisor of c and 30?
30
Let q(i) = 3*i - 13. Let m be q(8). Let g = 24 - m. Let z = 43 + g. Calculate the highest common factor of 14 and z.
14
Suppose -v - 2*o = v - 196, 487 = 5*v + 4*o. Let k be 266/v + (-1 - 12/(-10)). What is the highest common divisor of k and 3?
3
Let w be (-16)/(-56) + 49725/35. What is the greatest common factor of 49 and w?
49
Let x(r) = 19*r - 159. Let b be x(9). Calculate the highest common divisor of 996 and b.
12
Let m = 309 - 224. What is the greatest common factor of 15 and m?
5
Let s = 331 - 219. Calculate the highest common divisor of s and 32.
16
Let u(r) = -r**3 + 4*r**2 + 15*r - 13. Let j be u(6). Let m be j*((-16)/(-6))/(20/18). Suppose -108 = -2*k - k. Calculate the greatest common factor of m and k.
12
Let i(b) = 61*b**3 - b. Let t be i(1). Let j(r) = -r**2 - 3*r + 8. Let k be j(-4). Suppose k*z = -2 + 50. What is the greatest comm